*3 + 3 + 3. Let l(v) = 5*c(v) + 6*y(v). What is l(s)?
4
Let c = 7351 + -7341. Let i(g) = 2*g - 7 - g - 1. Determine i(c).
2
Let b be (-18)/22 - (448/(-77) - -6). Let m(j) be the second derivative of -3*j**4/8 + j**3/6 - j**2/2 + j. Let v(x) be the first derivative of m(x). Give v(b).
10
Let l = -223 + 215. Let w(v) = -3*v + 5. Calculate w(l).
29
Let n be ((-2)/4)/(3/(-30)). Let j(w) be the second derivative of w**5/20 - w**4/2 + 2*w**3/3 - 5*w**2/2 - 122*w. Give j(n).
-10
Let j(y) = 18*y + 2*y**2 + 7*y + 4*y - 21*y + 4. Calculate j(-5).
14
Suppose -5*v - 20 = 0, -4*s + 166 = 3*v + 662. Let p = s + 118. Let i(r) = r. Let n(h) = 8*h - 3. Let a(q) = 6*i(q) - n(q). What is a(p)?
9
Let i(z) = -3 - 24*z**3 + 8*z**3 + 4 + z**2 - z + 7*z**3. Let a(o) = -o - 1. Let f be a(-2). What is i(f)?
-8
Let q(v) = v**2 - v + 0*v - v. Let g(z) = 6*z + 4. Let r(f) = -f - 1. Let s(t) = -g(t) - r(t). Let j be s(-1). Determine q(j).
0
Let c(v) = 5*v**3 - 8*v**2 + 2*v - 5. Let m(q) = 14*q**3 - 23*q**2 + 6*q - 14. Let p(w) = 17*c(w) - 6*m(w). Determine p(-4).
-25
Let k(v) = -4*v**2 - 3*v + 2. Let g be -2*(22/(-8) - (-27)/(-36)). Suppose 1 = -g*m - 20. Calculate k(m).
-25
Let h(s) be the first derivative of s**5/15 - 22*s**3/3 + 4. Let y(k) be the third derivative of h(k). Let j(r) = r - 8. Let z be j(6). Calculate y(z).
-16
Let s(u) be the first derivative of 2*u**3/3 + 2*u**2 - 3*u + 107. What is s(2)?
13
Let t(x) = -207*x**3 + 5*x**2 + 9*x - 2 + 206*x**3 - 2. Give t(6).
14
Let d(y) = 5*y**3 + 10*y**2 + 6*y + 11. Let c(s) = 7*s**3 + 11*s**2 + 7*s + 14. Let b(h) = -3*c(h) + 4*d(h). Calculate b(6).
56
Let r(i) be the second derivative of 1/12*i**4 + 1/2*i**2 + 0 + 0*i**3 + 1/10*i**5 + 2*i. Let f = -37 + 35. Calculate r(f).
-11
Let x be 1222/20 + 6/(-60). Let a(r) = 26*r - 3 - x*r - r**2 + 29*r. What is a(-2)?
5
Suppose 39*y - 37*y = 12. Let h(v) = -5*v - 4. Let i(j) = 4*j + 3. Let k(q) = -6*h(q) - 7*i(q). Calculate k(y).
15
Let x(c) = 14*c - 5. Let p be x(1). Let s(f) = f**2 + p*f - 161 - 2*f + 167. Determine s(-5).
-4
Let s(t) be the first derivative of -t**5/60 + 3*t**4/8 + 2*t**3/3 - 7*t**2 + 11. Let k(d) be the second derivative of s(d). Determine k(7).
18
Let i(m) = m**3 + 3*m**2 - 3*m + 2. Suppose -4*y + 0*q = -5*q - 13, -4*y + q - 7 = 0. Determine i(y).
11
Let f = 14 + -24. Let a be 16/f - (-2)/(-5). Let c(o) = 6*o. Let i(l) = 5*l. Let s(n) = -2*c(n) + 3*i(n). Determine s(a).
-6
Suppose 10 = -4*c - 2*n + 2, 0 = 5*n - 20. Suppose 30*h = 39*h + 54. Let z be 80/(-15) - c/h. Let u(m) = -m**3 - 5*m**2 + 5*m - 5. Give u(z).
1
Let k be -16*(-1 - (-5)/10). Suppose k*d + 8 = 7*d. Let h(y) = y**2 + 9*y + 4. Calculate h(d).
-4
Let v(j) be the first derivative of -j**5/120 + j**4/8 - 2*j**3 - 27. Let w(x) be the third derivative of v(x). Suppose 4*r + 15 = r. Give w(r).
8
Let k(p) = p**2 + 6*p + 6. Suppose -2*l + 0*l = 12. Let j be k(l). Let v(o) = -o**2 + 5*o + 3. Give v(j).
-3
Let y(n) = -n**3 + 8*n**2 - 8*n + 3. Let v be y(7). Let x(j) = -j - 3. Let c be x(v). Let l(a) = 2 - c + 21*a - 27*a. Determine l(-1).
7
Let x(v) = -2*v - 6 + 2 + 3. Let c be (-10)/(-20)*(-2 - -4)*-1. Calculate x(c).
1
Let u(p) = 7*p - p**2 + 3 - 1 - 8*p. Let k be u(0). Let h(z) = -z - z**2 + 1 + 3 + k*z. Give h(0).
4
Let k = 160 + -85. Let y = 106 - k. Let i = y + -37. Let n(t) = -t**3 - 6*t**2 + 2*t + 7. Determine n(i).
-5
Let x = 31 - 31. Let h(b) = -2*b + 12*b**2 + 0 + x - 1. What is h(-1)?
13
Let m be 6*(-69)/92*2/3. Let s(c) = 0*c**2 + 2 - c + c**2 - 2*c**2. Determine s(m).
-4
Let g = 8 + -10. Let n(r) = -2 + 8*r - 25*r + 8*r + 5*r. Give n(g).
6
Suppose 0*o = 2*o - 2. Let p(g) be the third derivative of -7*g**5/120 - g**3/2 + 10*g**2. Let l(i) be the first derivative of p(i). What is l(o)?
-7
Let s(b) = -b. Let j(z) = 4 - 5*z - 2*z - 5*z**3 - 6*z**2 + 6*z**3. Let d be j(7). Suppose 3*g + d = 16. What is s(g)?
-4
Let w(u) = 3*u + 5. Let a(b) = -6*b - 9. Let l(v) = -4*a(v) - 7*w(v). What is l(-3)?
-8
Let t(f) = -5*f**3 + 4*f**2 + 3*f - 8. Let u(x) = 11*x**3 - 9*x**2 - 6*x + 17. Suppose 4*o = 55 - 3. Let i(b) = o*t(b) + 6*u(b). Give i(2).
4
Let d(b) = -b - 7. Suppose 0 = 2*x + 2*x + 3*a + 21, -x - 1 = 5*a. What is d(x)?
-1
Let j(i) be the first derivative of i**4/4 + i**3 - 3*i**2 - 2*i + 6. What is j(-4)?
6
Let z = -3 - -9. Let a(f) = -f**3 - z*f + f**2 + 6*f. Let x(v) = -6*v**3 + 6*v**2 + v. Let j(k) = 5*a(k) - x(k). What is j(1)?
-1
Let q(t) = 6*t**2 + t + 1. Let w(l) = -l**3 - 6*l**2 - 3*l - 3. Let g be w(-5). Suppose -2*m + 19 + 5 = 0. Let y = m + g. What is q(y)?
6
Suppose 0*f - 4*f - v = 8, 0 = 5*f + v + 11. Let d(b) = 3*b - 1. Give d(f).
-10
Let y(p) = p**2 - 5*p - 7. Suppose 5*l + 2*x - 31 = 0, 3*l + 3*x - 14 = 10. Calculate y(l).
-7
Let x(o) = o**3 + 8*o**2 + 3. Suppose 0 = d + 2*d - 15. Let v = 36 + -11. Suppose -3*l - v = c, 0 = -7*c + 2*c - d. Calculate x(l).
3
Let g(a) = a**2 + 5*a + 3. Let m = 26 + -7. Let x = 13 - m. Let v be (-44)/12 + 2/x. Calculate g(v).
-1
Let j(i) be the first derivative of 3*i**2/2 - 35. Determine j(-8).
-24
Let g(w) = w - 10*w + 18 - 5*w + 9*w**2 - 8*w**2. Determine g(12).
-6
Suppose -36 + 15 = 7*y. Let j(k) be the third derivative of k**4/4 + 2*k**3/3 - 4*k**2. What is j(y)?
-14
Let a(s) = 19*s + 7. Suppose -207*k = -132*k + 150. What is a(k)?
-31
Let v be (24/6)/(-4)*(-14)/(-2). Let y(f) = -f**2 - 7*f - 8. Calculate y(v).
-8
Let c(t) = -24*t - 17*t + 28*t - 2. Calculate c(-2).
24
Let s(z) = 15*z + z**2 + 12*z - 29*z - 2*z**2 + 10*z + 9. Calculate s(9).
0
Let v = 17 + -13. Let r(f) = 6 + 0*f - 4*f + v*f + 2*f. Let c(k) = 4*k + 8. Let x be c(-3). Determine r(x).
-2
Suppose -5*m - 11 - 19 = 0. Let r = 2 - 0. Let b(i) = -5*i - 3*i**2 - 4 + 2*i**2 + r + 4. What is b(m)?
-4
Let m be 3*(-6)/117 + 558/78. Let j(d) = -11*d - d**2 + 8*d + m - 5*d. Give j(-8).
7
Suppose 0 = 4*m + 3*a + 27 - 9, -3*a + 6 = 0. Let w(x) = 5*x + 1 - 6*x - 11. Calculate w(m).
-4
Let d(a) = 2*a - 1. Suppose -4*x = -9*x. Suppose x = 4*r - 49 - 3. Let c = r + -11. Give d(c).
3
Let b = 30 + -32. Let n = -2 - b. Let s(x) = -7*x - 3. Let w(v) = -3*v - 1. Let l(m) = -2*s(m) + 5*w(m). Determine l(n).
1
Let c be (2 - (-1 + 2))*5. Let z(s) = 160*s - 4 + 158*s - 313*s - s**2. Calculate z(c).
-4
Let y(z) = 2*z**3 + 6*z**2 + 6. Let i(u) = u**3 + 3*u**2 + 2. Let v(o) = -9*i(o) + 4*y(o). What is v(-2)?
2
Suppose 0 = 2*b + 8*c - 10*c - 2, -4*c + 32 = 5*b. Let n(x) = x - 9. What is n(b)?
-5
Suppose 5*m - 2*m = 0. Let d(n) = -4*n - 1. Let g be d(m). Let b(a) = -3*a + 1. Give b(g).
4
Let w(d) = d**3 - 10*d**2 + d - 6. Let l be w(10). Suppose l*m = 10*m + 18. Let g be m + (10 - (3 + 0)). Let o(v) = v**2 - 5. Calculate o(g).
11
Let m(n) = -n**2 - 6*n - 5. Let q = 443 - 450. What is m(q)?
-12
Let t(r) = r**2 - 8*r + 9. Suppose 8 = 3*n + 2*c, 2*n + 5*c + 3 = -10. Give t(n).
-3
Let p(g) = -2*g + 2. Let m(i) = -5*i + 5. Let l(f) = -3*m(f) + 8*p(f). Let d be (0/(-1 + 2))/2. Calculate l(d).
1
Let y(u) = u**3 - 4*u**2 + u - 2. Let i be y(4). Suppose -s = 4 - 12. Let m(z) = z + 8 - s. Calculate m(i).
2
Let k(m) be the first derivative of -2*m**3/3 + 3*m**2/2 + m + 836. Let i be (-1)/5 - 42/(-10). Suppose 11 = 5*o - i. Give k(o).
-8
Suppose p = 2*l - 4*p - 19, -7 = 4*l - p. Let g be l*10/12*-4. Suppose -2*w + 5*h - 27 = -g, 0 = -w - h + 9. Let f(n) = -2*n + 1. What is f(w)?
-7
Let w(r) = 5*r - 1. Let u be (4/(-6))/((-4)/(-18)). Let b be (6/((-9)/u))/(-2). What is w(b)?
-6
Let x(h) = -3*h**2 + 36*h + 15. Let o(a) = a**2 - a - 1. Let b(c) = 5*o(c) + x(c). Let q be b(-15). Let t(y) = 3*y + 7. What is t(q)?
-8
Suppose 5*w = 6*w + 1. Let d(h) = 15*h**3 + h**2 - h - 1. Determine d(w).
-14
Let n = -73 + 79. Suppose 4*b + n = 2. Let c(z) be the second derivative of -11*z**4/12 + z**3/3 + z**2/2 + z. Determine c(b).
-12
Let y(f) = -f**2 - 8*f - 9. Let w(t) = t**2 + 8*t + 5. Let p be w(-7). Let o = 3 - p. Suppose -o*g = -3*a + 42, -4*g + 4*a - 60 = -20. What is y(g)?
3
Let v(t) = 7*t**3 + 19*t**2 + 17*t - 2. Let n = 64 + -66. Let r(c) = -3*c**3 - 9*c**2 - 8*c + 1. Let s(u) = n*v(u) - 5*r(u). Determine s(-6).
-1
Let p = 35 + -7. Let j = -19 + p. Let r(y) = -3*y**2 - 3 + j + 2*y**2. Calculate r(0).
6
Suppose d = 4*s - 2*d + 52, -d + 26 = -2*s. Let l(m) = -m**2 - 12*m + 13. Give l(s).
0
Let p(g) be the third derivative of -g**